(-2)/8. Let t be 2/(-6 + 254/42). What is the greatest common factor of t and k?
42
Let m(o) be the third derivative of o**4/8 + 2*o**3 + 26*o**2 + 2. Let d be m(2). What is the highest common factor of 6 and d?
6
Let m(g) = -g**3 + 8*g**2 + 11*g + 5. Let x be m(5). Suppose 8 + 472 = 4*u. Let p = 135 - u. Calculate the highest common factor of p and x.
15
Suppose 6 + 9 = 3*a. Suppose -a*k = 31 - 6. Let u be (-2)/k - -232*(-15)/(-50). Calculate the highest common divisor of 10 and u.
10
Let l(d) = 80*d + 19. Let b be l(4). Let a = b + -338. What is the greatest common factor of 4 and a?
1
Let i(r) = -r**3 + 25*r**2 + 28*r - 633. Let m be i(25). Calculate the greatest common divisor of 2144 and m.
67
Suppose -180 = -5*t + 4*q, -167*q + 166*q - 37 = -t. Calculate the greatest common factor of t and 24.
8
Suppose -5*x + 24 = -16. Suppose 49 = -4*y + 129. Suppose -y = -z - x. Calculate the greatest common factor of 108 and z.
12
Suppose -3*y + 5*t - 7*t + 10 = 0, 4*y - 5*t = -25. Suppose y = 16*c - 18*c - 4*p + 52, 0 = -c - 3*p + 24. Calculate the greatest common factor of c and 220.
10
Let j be (-2)/8 + (-45)/40*-2. Suppose -8*i = -10 + j. Let l be 8/i + (0 - -3). Calculate the greatest common divisor of 22 and l.
11
Let g = -482 - -485. Suppose g*l - 135*h - 66 = -140*h, -l - 2*h + 22 = 0. What is the greatest common factor of 121 and l?
11
Let k(o) = o**3 + o**2 - 4*o + 3. Let t be k(0). Suppose t*r = -2*g - 2*g + 16, -8 = 4*g. Calculate the highest common factor of 20 and r.
4
Let v(x) = 2*x**2 - 9*x - 65. Suppose 160 = 43*c - 63*c. Let t be v(c). What is the highest common divisor of 45 and t?
45
Suppose 1914 = 17*r + 44. Suppose 522*k + r = 527*k. Calculate the greatest common factor of 44 and k.
22
Let z(f) = -6*f - 6*f + 9*f + 32. Let d be z(10). Suppose -d*s = 5*g - 125 - 100, 0 = 5*g - 4*s - 225. Calculate the highest common divisor of 18 and g.
9
Let n be ((-776)/(-10))/((-9)/((-180)/8)) - 6. Let i be 1/(-4)*-2*94. Calculate the greatest common divisor of i and n.
47
Suppose 0 = -7*l + 11*l + 5*u - 214, -2*l - 5*u + 122 = 0. Calculate the greatest common divisor of l and 3105.
23
Suppose -4*r + m = -3*m - 1332, 4*r + 5*m = 1413. What is the greatest common factor of 1278 and r?
18
Suppose 0 = -2*z - 210 + 618. Let y = 21039 + -21003. Calculate the highest common factor of z and y.
12
Let y be 2/4*-10*-1. Let f(r) = 67*r - 35. Let m be f(y). What is the greatest common divisor of m and 6?
6
Let l = 261 + -251. Suppose 8549 = l*o + 2149. Calculate the highest common factor of o and 40.
40
Let w be 27*((-2)/((-24)/(-15)) - 115/(-60)). Calculate the highest common factor of w and 855.
9
Let d = 10434 + -7329. Calculate the highest common divisor of 115 and d.
115
Suppose 0 = -30*h + 148 + 512. Suppose 4*g + 5*s - h = 2*g, -3*g + 71 = -2*s. What is the highest common factor of g and 63?
21
Let l = 14 + 0. Suppose -5*v = -3*y - 93, 2*v - 26 = -88*y + 92*y. Calculate the greatest common factor of l and v.
7
Suppose -5*q + 2550 = -425. Let z = 901 - q. What is the greatest common factor of z and 34?
34
Let v(z) = -54*z + 26*z + 22 + 27*z. Let d be v(6). Suppose 0 = 5*k + 170 - 810. What is the highest common factor of k and d?
16
Suppose 298*f - 97*f = -99127 + 684841. Calculate the greatest common factor of 611 and f.
47
Let x be ((-1316)/12 - -2)/((-26)/78). Calculate the greatest common factor of 19 and x.
19
Let t(h) = 8*h - 16. Let v be t(2). Suppose -4*b - 19*b + 184 = v. Let o be ((-336)/(-20))/((-6)/(-20)). What is the greatest common divisor of o and b?
8
Let i = -134 + 177. Let m be -36 + i - (-42)/2. Calculate the greatest common factor of 77 and m.
7
Let v(s) = 47*s + 1180. Let n be v(-20). Calculate the greatest common divisor of 132 and n.
12
Suppose 5*z - 4*t = 10*z - 1085, z + t - 216 = 0. Suppose -j + v = -2*v - 93, z = 2*j + v. Calculate the highest common divisor of j and 48.
12
Suppose 0 = 4*s - 8, 3*s = -2*m - 83 - 419. Let b = 279 + m. Calculate the greatest common divisor of b and 575.
25
Let t(l) = 447*l**3 - 4*l**2 - 8*l + 29. Let s be t(3). Calculate the greatest common divisor of 104 and s.
26
Let l = -8813 + 8843. Calculate the highest common divisor of l and 15465.
15
Suppose 2*s + h = 92, -4*s + 37*h = 42*h - 166. Calculate the greatest common factor of s and 19.
1
Suppose 5*p - 1191 = 789. Suppose 6*d - 2*d - p = 0. Let z be ((-8)/(-12))/((-2)/(-3))*66. What is the highest common divisor of z and d?
33
Let f(q) = 8*q - 10. Let p be f(2). Suppose -p*r + 2855 = 1031. Calculate the highest common factor of r and 19.
19
Suppose 0 = 10*a + 31*a + 246. Let u be (6318/(-270))/(a/10). Calculate the greatest common factor of u and 3.
3
Let s(h) = h**3 + 13*h**2 - 11*h - 17. Let l be s(-9). Let m = l - 379. What is the highest common factor of 18 and m?
9
Suppose 16*z - 7*z - 4824 = 0. Let d = z - 490. Calculate the highest common factor of d and 161.
23
Let i be (207/2)/(((-375)/(-20))/25). What is the greatest common divisor of i and 246?
6
Let i be 8*((-13)/2 - -7)*56. What is the greatest common divisor of i and 91?
7
Suppose 5*z - 6*z = -2*o - 6, 10 = -3*o + 2*z. Let a be (o/5)/((-2)/560). Calculate the greatest common factor of 7 and a.
7
Let m(h) = h**3 + 0*h**3 + 4 + 16*h**2 + 13. Let i be -1 - (13 - 8/(-4)). Let n be m(i). What is the highest common divisor of 1 and n?
1
Suppose -34*r - 22092 = -143710. What is the highest common factor of 98 and r?
49
Let c = 18305 + -12253. What is the greatest common divisor of 68 and c?
68
Suppose 87*z = -120*z - 254 + 4601. Calculate the greatest common divisor of z and 27237.
21
Suppose -13*t = 3*t - 80. Suppose -3*d - 8 = -t. Let x = 16 + d. Calculate the greatest common divisor of 120 and x.
15
Suppose -m + 5 = -6*m. Suppose 145*p + 133 = 126*p. Let r be ((24/(-21))/m)/((-2)/p). Calculate the greatest common factor of 4 and r.
4
Let d(u) = 59*u**3 - 4*u**2 - 35*u + 138. Let f be d(4). Calculate the highest common divisor of 840 and f.
70
Let j(p) = p + 19. Let b be j(-14). Suppose -114 - 26 = -b*a. What is the greatest common divisor of 24 and a?
4
Suppose -5*d - 2*h + 939 = 0, 3*d + 21*h - 25*h - 579 = 0. Calculate the greatest common divisor of d and 5040.
63
Suppose 12*q - 7*q - 2*x = 2739, -2*x - 2190 = -4*q. Calculate the highest common divisor of 63 and q.
9
Suppose -4*m - 24 = 2*m. Let q be 1*m/3*-126. Calculate the highest common factor of 72 and q.
24
Let i(s) = 16*s - 8. Let b be i(8). Suppose -11*c + 36*c = 17*c + 2160. What is the highest common factor of b and c?
30
Let a = 242 + -240. Suppose 41 = a*s + 3*q, -5*s + 25*q = 28*q - 107. Calculate the greatest common factor of s and 902.
22
Let u(q) = -q**3 + 8*q**2 + 9. Let a be u(8). Let w = -22369 - -22486. Calculate the highest common factor of w and a.
9
Let r = -19909 - -20378. What is the greatest common factor of r and 4891?
67
Let a = -32 + 35. Suppose -11*q + a*s + 58 = -10*q, -277 = -4*q + 3*s. What is the highest common factor of q and 803?
73
Suppose 84 = 57*d - 51*d. Calculate the highest common divisor of d and 1498.
14
Let b be (3/((-9)/2))/(44/(-1518)). Let a be b + 0 + (3 - 0). Calculate the greatest common factor of a and 6.
2
Suppose -5*l - 8 = -33. Suppose -3*u + 93 = 2*b - 8*u, -2*u + 218 = l*b. Suppose 0 = 164*a - 473 - 497 + 314. What is the greatest common factor of b and a?
4
Let w be -98*(3 + -1 + -4)/(-4). Let o be 564*(-1 - w/28). Calculate the highest common divisor of 47 and o.
47
Let s be (-875)/(-10)*(-96)/(-15). Calculate the highest common factor of 224 and s.
112
Let s(y) be the second derivative of 7*y**4/12 + 41*y**3/6 + 9*y**2 + 16*y. Let o be s(-9). Calculate the greatest common factor of o and 27.
27
Let j = 7199 - 7127. Let h(v) = 186*v + 6. Let r be h(5). Calculate the greatest common factor of r and j.
72
Let j = 15 + -10. Let k = 27 + j. Let l = 66 - k. Calculate the greatest common factor of l and 85.
17
Suppose -f + 18 = 23. Let w(u) = -2*u. Let y be w(f). Suppose 0 = 5*p - k - 250, 5*p - 259 + 9 = -3*k. Calculate the highest common factor of p and y.
10
Let v be (1 + -2 - -103) + 2. Let d be (-6122)/(-30) + (-4)/60. Let y = d + -196. What is the greatest common divisor of v and y?
8
Suppose 2 = -y + 3*y, 4*f - 1063 = y. Let c be 6/(-10)*13/(-39) - (-828)/60. Calc